{"id":5,"date":"2015-04-27T21:56:01","date_gmt":"2015-04-27T19:56:01","guid":{"rendered":"http:\/\/www.friskatorpet.se\/?page_id=5"},"modified":"2020-06-06T09:18:04","modified_gmt":"2020-06-06T07:18:04","slug":"hem","status":"publish","type":"page","link":"https:\/\/www.friskatorpet.se\/","title":{"rendered":"V\u00e4lkommen"},"content":{"rendered":"<p>&nbsp;<\/p>\n<p><img loading=\"lazy\" decoding=\"async\" class=\"size-medium wp-image-132 alignright noborder \" src=\"http:\/\/www.friskatorpet.se\/wp-content\/uploads\/2015\/05\/n2014-10-11-13h53m48-300x211.jpg\" alt=\"n2014-10-11-13h53m48\" width=\"300\" height=\"211\" srcset=\"https:\/\/www.friskatorpet.se\/wp-content\/uploads\/2015\/05\/n2014-10-11-13h53m48-300x211.jpg 300w, https:\/\/www.friskatorpet.se\/wp-content\/uploads\/2015\/05\/n2014-10-11-13h53m48-676x476.jpg 676w, https:\/\/www.friskatorpet.se\/wp-content\/uploads\/2015\/05\/n2014-10-11-13h53m48.jpg 700w\" sizes=\"auto, (max-width: 300px) 100vw, 300px\" \/><br \/>\nFriskatorpet har tv\u00e5 grenar, dels en renrasig Angusbes\u00e4ttning med ca 100 kor och dels en korsningsbes\u00e4ttning med mycket Angus f\u00f6r k\u00f6ttproduktion.<\/p>\n<p><span style=\"font-size: large;\">Rasen Angus har visat sig vara mycket l\u00e4mplig p\u00e5 v\u00e5ra torra och karga marker d\u00e4r de v\u00e4xer bra p\u00e5 bara bete, ensilage, halm och drank helt utan kraftfoder. Angusen \u00e4r helsvart eller helr\u00f6d. Korsningskalvarna stannar fram till slakt och s\u00e4ljs till Citygross i Kristianstad och Bondens skafferi i \u00c5hus. Oftast g\u00e5r de direkt fr\u00e5n betet till slaktbilen. Slakten sker p\u00e5 ett litet lokalt slakteri i Mj\u00e4llby.<\/span><\/p>\n","protected":false},"excerpt":{"rendered":"<p>&nbsp; Friskatorpet har tv\u00e5 grenar, dels en renrasig Angusbes\u00e4ttning med ca 100 kor och dels en korsningsbes\u00e4ttning med mycket Angus f\u00f6r k\u00f6ttproduktion. Rasen Angus har visat sig vara mycket l\u00e4mplig p\u00e5 v\u00e5ra torra och karga marker d\u00e4r de v\u00e4xer bra p\u00e5 bara bete, ensilage, halm och drank helt utan kraftfoder. Angusen \u00e4r helsvart eller helr\u00f6d. [&hellip;]<\/p>\n","protected":false},"author":2,"featured_media":0,"parent":0,"menu_order":1,"comment_status":"closed","ping_status":"closed","template":"","meta":{"footnotes":""},"class_list":["post-5","page","type-page","status-publish","hentry"],"_links":{"self":[{"href":"https:\/\/www.friskatorpet.se\/index.php\/wp-json\/wp\/v2\/pages\/5","targetHints":{"allow":["GET"]}}],"collection":[{"href":"https:\/\/www.friskatorpet.se\/index.php\/wp-json\/wp\/v2\/pages"}],"about":[{"href":"https:\/\/www.friskatorpet.se\/index.php\/wp-json\/wp\/v2\/types\/page"}],"author":[{"embeddable":true,"href":"https:\/\/www.friskatorpet.se\/index.php\/wp-json\/wp\/v2\/users\/2"}],"replies":[{"embeddable":true,"href":"https:\/\/www.friskatorpet.se\/index.php\/wp-json\/wp\/v2\/comments?post=5"}],"version-history":[{"count":15,"href":"https:\/\/www.friskatorpet.se\/index.php\/wp-json\/wp\/v2\/pages\/5\/revisions"}],"predecessor-version":[{"id":369,"href":"https:\/\/www.friskatorpet.se\/index.php\/wp-json\/wp\/v2\/pages\/5\/revisions\/369"}],"wp:attachment":[{"href":"https:\/\/www.friskatorpet.se\/index.php\/wp-json\/wp\/v2\/media?parent=5"}],"curies":[{"name":"wp","href":"https:\/\/api.w.org\/{rel}","templated":true}]}}